visor of 52 and 520.
52
What is the highest common divisor of 34 and 49742?
34
What is the greatest common divisor of 672 and 1491?
21
Calculate the highest common divisor of 68 and 612.
68
Calculate the greatest common factor of 17 and 1921.
17
Calculate the highest common factor of 143 and 221.
13
What is the greatest common factor of 77 and 11?
11
Calculate the highest common factor of 189 and 483.
21
Calculate the greatest common factor of 3808 and 84.
28
What is the highest common divisor of 816 and 96?
48
Calculate the highest common divisor of 6 and 2334.
6
Calculate the highest common divisor of 196 and 1715.
49
Calculate the greatest common factor of 145 and 40.
5
What is the greatest common factor of 44 and 187?
11
What is the highest common divisor of 56 and 896?
56
What is the greatest common factor of 470 and 150?
10
Calculate the highest common divisor of 1764 and 14.
14
What is the greatest common divisor of 100 and 40?
20
Calculate the highest common divisor of 837 and 27.
27
Calculate the highest common factor of 750 and 30.
30
What is the highest common factor of 5 and 145?
5
Calculate the highest common divisor of 12069 and 27.
27
What is the highest common factor of 65 and 442?
13
What is the greatest common divisor of 3048 and 48?
24
What is the greatest common divisor of 70 and 35?
35
Calculate the greatest common factor of 8 and 224.
8
What is the greatest common divisor of 15008 and 402?
134
Calculate the greatest common divisor of 5 and 1215.
5
What is the greatest common factor of 17 and 459?
17
Calculate the greatest common divisor of 342 and 54.
18
What is the greatest common divisor of 36 and 612?
36
Calculate the greatest common divisor of 34 and 935.
17
Calculate the highest common divisor of 219 and 511.
73
What is the greatest common divisor of 21697 and 26?
13
What is the highest common factor of 110 and 10?
10
What is the highest common divisor of 8241 and 603?
201
What is the highest common divisor of 2 and 139?
1
Calculate the highest common divisor of 8512 and 280.
56
Calculate the greatest common factor of 10 and 200.
10
Calculate the highest common divisor of 480 and 32.
32
Calculate the greatest common factor of 179 and 55669.
179
What is the greatest common divisor of 195 and 741?
39
Calculate the highest common factor of 741 and 39.
39
What is the highest common factor of 30 and 45?
15
Calculate the greatest common factor of 102 and 986.
34
Calculate the greatest common factor of 50 and 6650.
50
Calculate the highest common factor of 66 and 14564.
22
Calculate the highest common divisor of 12454 and 26.
26
Calculate the greatest common factor of 90 and 10590.
30
Calculate the highest common factor of 8 and 18.
2
What is the highest common factor of 18 and 6?
6
What is the highest common divisor of 132 and 1452?
132
Calculate the highest common factor of 24 and 2424.
24
What is the highest common factor of 57 and 15?
3
What is the greatest common factor of 66253 and 209?
209
Calculate the greatest common factor of 288 and 108.
36
What is the highest common divisor of 480 and 32?
32
What is the highest common divisor of 10647 and 338?
169
Calculate the greatest common divisor of 12 and 177504.
12
Calculate the highest common divisor of 25 and 50.
25
Calculate the greatest common factor of 77 and 28.
7
What is the highest common divisor of 119 and 28?
7
Calculate the greatest common divisor of 810 and 10.
10
Calculate the highest common factor of 869 and 33.
11
Calculate the highest common divisor of 2014 and 228.
38
What is the highest common factor of 50 and 275?
25
Calculate the highest common divisor of 3689 and 31.
31
Calculate the highest common divisor of 1155 and 880.
55
What is the highest common factor of 18 and 999?
9
Calculate the greatest common divisor of 2392 and 416.
104
What is the greatest common divisor of 434 and 7?
7
Calculate the highest common factor of 1397 and 127.
127
What is the highest common factor of 15 and 17085?
15
Calculate the highest common divisor of 12 and 28788.
12
Calculate the highest common factor of 66 and 99.
33
What is the greatest common factor of 20 and 1230?
10
What is the greatest common factor of 4680 and 240?
120
What is the greatest common factor of 24 and 1668?
12
Calculate the highest common factor of 893 and 47.
47
Calculate the highest common divisor of 5856 and 61.
61
Calculate the highest common divisor of 12 and 452.
4
What is the highest common divisor of 8 and 10?
2
Calculate the greatest common factor of 162 and 306.
18
Calculate the greatest common divisor of 48 and 336.
48
What is the highest common divisor of 75 and 6025?
25
What is the highest common divisor of 76 and 8?
4
Calculate the highest common divisor of 2500 and 200.
100
What is the greatest common divisor of 336 and 147?
21
What is the highest common factor of 144 and 16?
16
What is the highest common divisor of 184 and 7015?
23
What is the greatest common factor of 528 and 55?
11
Calculate the greatest common divisor of 116 and 16.
4
Calculate the greatest common factor of 2 and 16.
2
What is the highest common factor of 10461 and 66?
33
What is the highest common factor of 5 and 38?
1
What is the greatest common divisor of 142 and 1349?
71
Calculate the greatest common divisor of 93 and 9021.
93
What is the highest common divisor of 7783 and 543?
181
Calculate the greatest common factor of 11825 and 1925.
275
What is the highest common factor of 76 and 836?
76
What is the highest common divisor of 4929 and 744?
93
What is the highest common factor of 25472 and 24?
8
Calculate the highest common divisor of 6 and 22926.
6
What is the greatest common factor of 2900 and 116?
116
Calculate the greatest common divisor of 20 and 180.
20
Calculate the highest common factor of 20 and 70.
10
Calculate the highest common factor of 345 and 391.
23
What is the greatest common factor of 7 and 679?
7
Calculate the greatest common factor of 18072 and 27.
9
Calculate the greatest common divisor of 656 and 41.
41
Calculate the greatest common factor of 110 and 80.
10
Calculate the greatest common divisor of 12180 and 30.
30
Calculate the highest common factor of 84 and 2226.
42
What is the highest common divisor of 106 and 53?
53
Calculate the greatest common divisor of 20 and 205.
5
Calculate the highest common divisor of 76 and 95.
19
What is the greatest common factor of 13 and 3?
1
What is the highest common factor of 36 and 2862?
18
Calculate the highest common divisor of 84 and 1014.
6
Calculate the highest common factor of 1380 and 48.
12
What is the greatest common factor of 276 and 1196?
92
Calculate the greatest common factor of 24 and 240.
24
Calculate the highest common factor of 12 and 9924.
12
Calculate the highest common factor of 440 and 1940.
20
What is the greatest common divisor of 20 and 1156?
4
What is the greatest common factor of 204 and 2601?
51
What is the highest common divisor of 15 and 705?
15
Calculate the greatest common divisor of 885 and 60.
15
What is the highest common factor of 33 and 48?
3
Calculate the highest common factor of 16 and 496.
16
What is the greatest common divisor of 56 and 4536?
56
What is the greatest common divisor of 260 and 585?
65
Calculate the greatest common factor of 51 and 68.
17
What is the greatest common factor of 48 and 1992?
24
Calculate the greatest common factor of 33 and 7491.
33
Calculate the greatest common factor of 13 and 130.
13
Calculate the highest common divisor of 45501 and 87.
87
What is the greatest common divisor of 195 and 273?
39
Calculate the highest common divisor of 1400 and 56.
56
What is the highest common factor of 166 and 6142?
166
What is the greatest common factor of 1644 and 60?
12
What is the highest common divisor of 48 and 496?
16
Calculate the highest common factor of 176 and 80.
16
Calculate the highest common factor of 252 and 196.
28
Calculate the highest common factor of 2535 and 65.
65
Calculate the greatest common divisor of 22 and 13046.
22
Calculate the greatest common factor of 168 and 1260.
84
What is the greatest common divisor of 2240 and 980?
140
Calculate the highest common factor of 22 and 66.
22
What is the highest common divisor of 5967 and 104?
13
What is the greatest common fact